ime factors of (-3)/((-154)/51 + 3)?
3, 17
Let h(z) = -z**3 - 2*z**2 + 2*z + 2. Let s be h(2). What are the prime factors of (-4)/s - 369/(-15)?
5
Suppose -2*b = 8, -2*c + 5*b - 31 = -3*c. What are the prime factors of c?
3, 17
Let w = 1 + -45. Let j = -24 - w. What are the prime factors of j?
2, 5
Let c = 12 + -10. Suppose 4*s + 51 = x, -2*s = -4*x + c*s + 156. What are the prime factors of x?
5, 7
Let r = -31 - -50. What are the prime factors of r?
19
Suppose 3*z + 5 - 14 = 0. Let i = 7 - z. List the prime factors of i.
2
Suppose -4*q + 48 = 4*j, -q = -5*q - 12. Suppose -2*a = -5*h - 73, a - j = 4*h + 26. List the prime factors of a.
29
What are the prime factors of (3 - 7/(-2))/(1/12)?
2, 3, 13
Let u = -4 - -4. Let g(q) = 6 - q**2 - 7*q + u - 2. What are the prime factors of g(-6)?
2, 5
Let t = -16 - -31. Suppose -2*c - c = -t, 95 = 5*x - 5*c. What are the prime factors of x?
2, 3
Let o = 311 - 93. What are the prime factors of o?
2, 109
Suppose 4*f + 11 = 3*b, 5*b = 4*f - 7*f + 28. Let y(c) = -c**2 + 11*c - 5. Let o be y(10). Let h = o + b. List the prime factors of h.
2, 5
Suppose -4*m + 2*x + 2*x = 0, -4*m - x + 10 = 0. List the prime factors of m.
2
Suppose 5*k - 230 = 5*x, -k - 4*x = -2*x - 34. What are the prime factors of k?
2, 3, 7
Suppose 16 = 4*r - 0*r. Suppose -3*s - 44 = -r*u - 0*s, -3*s = 4*u - 20. Suppose 1 = k - 2*f - 7, -u = -4*f. List the prime factors of k.
2, 3
Let z = 195 - 45. List the prime factors of z.
2, 3, 5
Suppose -5*r + 2*r = -81. What are the prime factors of r?
3
Suppose 5*l + 101 = z, -4*l = -4*z + 204 + 136. Suppose z = 4*t + 5*d - 10, 0 = -2*t - 4*d + 50. List the prime factors of t.
19
What are the prime factors of (-1)/(4/124*-1)?
31
Let r be ((-14)/(-5))/((-5)/25). Let u = r + 23. What are the prime factors of u?
3
Let y be 6/21 - (-498)/21. Let r = -12 + y. What are the prime factors of r?
2, 3
List the prime factors of 4/10 - (-369)/15.
5
Let a(l) = l - 2. Let h be a(5). Let s(b) = 14*b - 9. Let d(p) = -3*p + 2. Let n(f) = -11*d(f) - 2*s(f). What are the prime factors of n(h)?
11
Let z = 35 - 10. Suppose z = 4*g + g. Suppose g*b = 17 - 7. What are the prime factors of b?
2
Let z be (-300)/(-16) + 2/8. Suppose 0 = -5*r + z + 21. Let m = 15 - r. List the prime factors of m.
7
Let n(m) = m + 12. List the prime factors of n(8).
2, 5
Let h(a) = a**2 - 9. Let i be h(0). Let o = 18 + i. What are the prime factors of o?
3
Let h = -29 + 17. Let u = 11 - h. List the prime factors of u.
23
Let q(j) = 2*j**3 + 2*j - 3. List the prime factors of q(2).
17
Suppose -2*f = -0*f - 6. Suppose -2*c + 4*c - f*k = 40, -3*c = 2*k - 47. List the prime factors of c.
17
Suppose -100 = f + 4*f - 2*i, -5*i = 0. List the prime factors of (f - 2)*(-2 - -1).
2, 11
Let a(s) = s**3 - 7*s**2 + 5*s - 9. Let w be a(6). Let b = w - -22. What are the prime factors of b + -2 + -1 + 2?
2, 3
Let c(q) = -2*q + 1. Let z be c(3). Let s be ((-8)/4 + 5)/(-1). Let v = s - z. List the prime factors of v.
2
Let p(j) = -j**2 + 2*j + 7. Let s be p(7). Let b = 85 + s. Suppose 0 = 2*w + w - b. What are the prime factors of w?
19
List the prime factors of 3/4 - 2508/(-48).
53
Let g = -4 + 2. Let c be -1*g/(-4)*-4. Suppose v + 4*i = -0*i + 19, -8 = -c*v + 2*i. List the prime factors of v.
7
Let q(p) = 13*p - 6. What are the prime factors of q(2)?
2, 5
What are the prime factors of (-114)/(-3) - (3 - 5)?
2, 5
Suppose 5*k - 550 = 260. What are the prime factors of k?
2, 3
Suppose -5*a - 5 = -d + 4, -5*d = 3*a + 11. List the prime factors of 2 - -1*(-4)/a.
2
Suppose 4*p - v - 22 = 3*p, 5*v = 3*p - 64. What are the prime factors of p?
23
Suppose 2*k + 4 = 34. List the prime factors of k.
3, 5
Let l = 7 + 2. Suppose -2*j - 36 = -4*j. Let z = j - l. What are the prime factors of z?
3
Suppose -6*x + 2*x = 4. Let v be 2/(2*x/8). Let i(t) = t**2 + 8*t + 11. What are the prime factors of i(v)?
11
Suppose -2*z - 1340 = -5*v, 2*v + 2*v - 4*z - 1084 = 0. List the prime factors of v.
2, 7, 19
Let t = 7 - 7. What are the prime factors of 34 + -2 + (t - -1)?
3, 11
Suppose 0 = -f + 3 + 2, 2*c - 53 = -f. Let j = 12 - -5. Let r = c - j. What are the prime factors of r?
7
Suppose 2*b - 7*b = -495. What are the prime factors of b?
3, 11
Let m(h) = 8*h - 1. Let q be m(6). Suppose 4*z + 3*f = 110, 4 = 3*f - 2. Suppose t + z = 5*i - q, 5*i = -t + 67. List the prime factors of i.
2, 7
Let l(a) = -5*a**3 + 6*a**2 - 11*a - 1. Let j(m) = 4*m**3 - 7*m**2 + 10*m + 1. Let x(h) = -4*j(h) - 3*l(h). List the prime factors of x(9).
17
Let d = 238 + -143. What are the prime factors of d?
5, 19
Let s(j) = -2*j**3 + 4*j - 3 + 3*j**2 + 0*j**3 - 1. Let y be s(3). Let p = y - -29. What are the prime factors of p?
2, 5
Let w = -69 - -191. List the prime factors of w.
2, 61
Suppose 3*g + 6 = -3*r, 3*g + 4 = -r - 0*g. Let w(k) = -3*k**3 + k**2 + 2*k + 1. Let d be w(r). Suppose 0 = d*o - 3 - 15. What are the prime factors of o?
2, 3
List the prime factors of 4 + 260/5 - 1.
5, 11
Let t = 7 + -9. Let c(a) = -801*a - 2. Let l be c(t). What are the prime factors of l/72 + (-4)/18?
2, 11
Suppose 6*g + 80 = 362. What are the prime factors of g?
47
Let l = -2 - -6. Suppose -2 = l*f - 34. List the prime factors of f.
2
Let n(w) = w**2 + 2*w. Suppose 0 = -4*d + 3*d + 2. What are the prime factors of n(d)?
2
Let o(j) = 1 - 4*j + 2*j + j. Let q = -9 - -7. List the prime factors of o(q).
3
Let o(a) = -15*a + 69. What are the prime factors of o(-11)?
2, 3, 13
Let n be (-74)/((-3)/9*2). Suppose -3*t + n - 15 = 0. What are the prime factors of t?
2
Let g(x) = x**3 + 4*x**2 + 2*x + 5. Let l be g(-4). What are the prime factors of l - (-3 - 3) - -3?
2, 3
Suppose c - 5*n = 24, 3*c - 24 = n - 8. Suppose 0 = 5*b + c*f - 71, -b - 2*f - 3*f = -10. List the prime factors of b.
3, 5
Let i(x) = x**3 + 7*x**2 - 2*x + 6. Let k be i(-7). Suppose -k = 4*g - 56. Let q(u) = 2*u - 13. List the prime factors of q(g).
5
Let q(u) = -u**2 + 3. Suppose 0*p + 26 = 5*y + 4*p, -8 = 4*y - 4*p. Let b = -2 + y. What are the prime factors of q(b)?
3
Let n = -8 - -4. Let d = n + 6. Suppose -d*b - 6 = 0, 2 = 4*p + 3*b - 9. What are the prime factors of p?
5
Let h(z) = z - 4. Let k be h(8). Suppose k*d = -5*v + 2, 0 = 4*v - 6*v - 4*d + 8. What are the prime factors of (v/(-2))/(-2)*-20?
2, 5
Let v = 1 + -1. Suppose 5*y = 2*a + 158, 5*y - 170 = 5*a - 0*a. Suppose -6*w + w + y = v. List the prime factors of w.
2, 3
Let m(b) = -22*b + 2. List the prime factors of m(-2).
2, 23
Suppose 3*o + 27 = -3*u, -6*u + 4*u = o + 13. Let y = o - -5. Suppose n + k = -n + 21, y = 4*k - 20. What are the prime factors of n?
2
Suppose 3*o + 6 = 4*o. Suppose 5*s = -2*v + 29, -3*s = -3*v + o + 27. List the prime factors of v.
2, 3
Suppose 2*l - 54 = -4*j, -3*l = -j + 2*l + 8. Let b be 0 + 1 + 10/(-1). Let n = b + j. List the prime factors of n.
2
Suppose 5*b = -d + 23, 0 = -4*b - 5 - 3. What are the prime factors of d?
3, 11
Let z = 52 - 16. List the prime factors of z.
2, 3
Let t(w) be the third derivative of -w**5/60 - 5*w**4/12 - 4*w**3/3 - w**2. Suppose 0 = -0*i + 4*i + 32. What are the prime factors of t(i)?
2
Let p(d) = -23*d - 1. Suppose 0 = 4*m + 2 + 2. Let w be p(m). Suppose -5*g = -3*g - w. What are the prime factors of g?
11
What are the prime factors of (-6)/(-10) - (-2254)/35?
5, 13
Suppose -3*d - d - 4*w + 28 = 0, 5*w - 27 = -d. Suppose c - 38 = -5*l, -2*c - 5*l = -d*l - 48. List the prime factors of c.
2, 3
Suppose -4*g = -2*g - 12. Suppose x + g = 34. What are the prime factors of x?
2, 7
Let m(u) = u**3 - 8*u**2 + 6*u + 1. Let g be m(7). Let v = g - -8. Suppose -30 = -5*j - 2*t, -3*j - 5*t + 29 = -v*j. List the prime factors of j.
2
Let f(w) = -w - 8. Let q be f(-11). Suppose 0 = 2*g + q*y - 45, 5*y - 49 - 76 = -5*g. Let h = 47 - g. List the prime factors of h.
17
Let o be 396/15 - (-4)/(-10). Let z = -10 + o. What are the prime factors of z?
2
Suppose -5*j + 3 + 2 = 0, -5*y - 4*j = -49. List the prime factors of y.
3
Suppose 3*l - 50 = 2*l. List the prime factors of l.
2, 5
Suppose -3*h = 3*g - 72, -5*g + 49 = -h - 47. List the prime factors of g.
2, 5
Let q(a) = -a**2 + 7*a - 6. Suppose -110 = d - 20. Let j be d/(-21) + (-4)/14. What are the prime factors of q(j)?
2, 3
Let f = -24 + 39. Let u = -11 + f. Suppose u*s + 10 = 62. List the prime fact